{"id":175,"date":"2013-11-11T10:38:20","date_gmt":"2013-11-11T09:38:20","guid":{"rendered":"http:\/\/www.lamerci.org\/?page_id=175"},"modified":"2020-01-12T14:59:28","modified_gmt":"2020-01-12T13:59:28","slug":"lesat","status":"publish","type":"page","link":"https:\/\/www.lamerci.org\/?page_id=175","title":{"rendered":"L&rsquo;ESAT"},"content":{"rendered":"<p><span style=\"color: #000000;\"><b>L&rsquo;ESAT<\/b> est une entreprise <b><span style=\"font-family: Tahoma;\">adapt\u00e9e \u00e0 l&rsquo;activit\u00e9 professionnelle des personnes handicap\u00e9es.<\/span><\/b> Il comporte de ce fait une activit\u00e9 sociale en plus de l&rsquo;activit\u00e9 de production.<\/span><\/p>\n<p><span style=\"color: #000000;\"><b>1) Activit\u00e9s de soutien et Formations sociale et professionnelle\u00a0<\/b><\/span><\/p>\n<p><span style=\"color: #000000;\"><b>La r\u00e9glementation<\/b> en vigueur pr\u00e9voit que les travailleurs handicap\u00e9s b\u00e9n\u00e9ficient de 4 heures par semaine de soutien et de formation, compt\u00e9es comme temps de travail.<\/span><\/p>\n<p><span style=\"color: #000000;\"><b>Les \u00e9valuations<\/b> individuelles r\u00e9alis\u00e9es par la responsable de la formation sociale, ont permis de proposer aux travailleurs handicap\u00e9s des Ateliers Chaud d\u2019Abrieu : des Ateliers de Formations sociales r\u00e9pondant \u00e0 leurs besoins et \u00e0 leurs attentes.<\/span><\/p>\n<p><span style=\"color: #000000;\"><b>La Formation<\/b> et les soutiens, sont organis\u00e9s en 2 sessions semestrielles concernant chacune la moiti\u00e9 des effectifs, afin de privil\u00e9gier l\u2019intensit\u00e9 hebdomadaire (3 s\u00e9ances d\u2019une par semaine), donc l\u2019efficacit\u00e9.<\/span><\/p>\n<p><span style=\"color: #000000;\"><b>Les Ateliers :<\/b> Lecture, Expression Orale, Chiffres et Monnaie \/ Euro, G\u00e9rer son argent et Alimentation, Cuisine, Permis de conduire, Jeux de r\u00f4les, D\u00e9placements, Espaces-temps, Alimentation<\/span><\/p>\n<p><span style=\"color: #000000;\">La Formation professionnelle est assur\u00e9e par les Moniteurs dans les Ateliers, en s\u2019appuyant sur des outils (Tableaux de comp\u00e9tences) reconsid\u00e9r\u00e9s annuellement. Des formations plus complexes (Petite m\u00e9canique, Conduite de chariot \u00e9l\u00e9vateur, Approche des nouvelles technologies), font l\u2019objet d\u2019interventions ext\u00e9rieures.<\/span><\/p>\n<p><span style=\"color: #000000;\"><b>2) Sports et Loisirs :<\/b><\/span><\/p>\n<p><span style=\"color: #000000;\">Il est dispens\u00e9, dans le cadre de la pr\u00e9sence au CAT, 1h30 de sport par un \u00e9ducateur sportif agr\u00e9er les lundi et les mardi suivant le sport pratiqu\u00e9 (tennis, football, randonn\u00e9e, V.T, gymnastique, musculation et cheval)<\/span><\/p>\n<p><span style=\"color: #000000;\"><b>3) Loisirs : <\/b>5 ateliers de loisir et de cr\u00e9ativit\u00e9<b><span style=\"font-family: Tahoma;\">\u00a0: <\/span><\/b>Arts plastiques, Th\u00e9\u00e2tre, canevas, expression jeux de soci\u00e9t\u00e9.<\/span><\/p>\n<p><span style=\"color: #000000;\"><b>4) \u00c9valuations :<\/b><\/span><\/p>\n<p><span style=\"color: #000000;\">Des tableaux de comp\u00e9tences revus r\u00e9guli\u00e8rement par l\u2019animatrice des soutiens, en collaboration avec les moniteurs d\u2019ateliers, permettent de mesurer les progr\u00e8s r\u00e9alis\u00e9s ou de fixer de nouvelles orientations pour chaque travailleur handicap\u00e9.<\/span><\/p>\n<p><span style=\"color: #000000;\">Au plan social, l\u2019animatrice r\u00e9alise en fin de session, les \u00e9valuations. Chaque vendredi, une r\u00e9union dite de \u00ab\u00a0synth\u00e8se\u00a0\u00bb permet \u00e0 l\u2019encadrement de partager constats et avis, ces donn\u00e9es venant enrichir et l\u2019appr\u00e9ciation de l\u2019animatrice et la pratique des encadrants, pour un accompagnement m\u00e9thodique et efficace.<\/span><\/p>\n<p><span style=\"color: #000000;\"><b>5) Vie spirituelle :<\/b><\/span><\/p>\n<p><span style=\"color: #000000;\">La vie spirituelle est anim\u00e9e conjointement par un pr\u00eatre le P\u00e8re B\u00e9rard, et par des parents de travailleurs du CAT. Elle comporte notamment la c\u00e9l\u00e9bration d\u2019une messe mensuelle \u00e0 l\u2019\u00e9glise de Roaix et des r\u00e9unions r\u00e9guli\u00e8res de cat\u00e9ch\u00e8ses ou d\u2019entretien spirituel.<\/span><\/p>\n<p><span style=\"color: #000000;\"><b>6) Sorties et Spectacles :<\/b><\/span><\/p>\n<p><span style=\"color: #000000;\">Des spectacles, d\u00e9jeuners au restaurant, loto, apr\u00e8s-midi dansante, des visites de caves, d\u2019usines et une approche du patrimoine local, ponctuent l&rsquo;ann\u00e9e, permettant \u00e0 chacun, encadrants et ouvriers, de se retrouver dans un autre cadre.<\/span><\/p>\n<p><span style=\"color: #000000;\">\u00a0<\/span><\/p>\n<p><span style=\"color: #000000;\">ZA Chauds d&rsquo;Abrieu 84110 Roaix<\/span><\/p>\n<p style=\"text-align: left;\"><span style=\"color: #000000;\"><b>T\u00e9l : 04 90 46 16 76 <\/b><b>\u00a0<\/b><\/span><\/p>\n","protected":false},"excerpt":{"rendered":"<p>L&rsquo;ESAT est une entreprise adapt\u00e9e \u00e0 l&rsquo;activit\u00e9 professionnelle des personnes handicap\u00e9es. Il comporte de ce fait une activit\u00e9 sociale en plus de l&rsquo;activit\u00e9 de production. 1) Activit\u00e9s de soutien et Formations sociale et professionnelle\u00a0 La r\u00e9glementation en vigueur pr\u00e9voit que &hellip; <a href=\"https:\/\/www.lamerci.org\/?page_id=175\">Continuer la lecture <span class=\"meta-nav\">&rarr;<\/span><\/a><\/p>\n","protected":false},"author":1,"featured_media":0,"parent":1383,"menu_order":5,"comment_status":"closed","ping_status":"closed","template":"onecolumn-page.php","meta":{"_exactmetrics_skip_tracking":false,"_exactmetrics_sitenote_active":false,"_exactmetrics_sitenote_note":"","_exactmetrics_sitenote_category":0},"_links":{"self":[{"href":"https:\/\/www.lamerci.org\/index.php?rest_route=\/wp\/v2\/pages\/175"}],"collection":[{"href":"https:\/\/www.lamerci.org\/index.php?rest_route=\/wp\/v2\/pages"}],"about":[{"href":"https:\/\/www.lamerci.org\/index.php?rest_route=\/wp\/v2\/types\/page"}],"author":[{"embeddable":true,"href":"https:\/\/www.lamerci.org\/index.php?rest_route=\/wp\/v2\/users\/1"}],"replies":[{"embeddable":true,"href":"https:\/\/www.lamerci.org\/index.php?rest_route=%2Fwp%2Fv2%2Fcomments&post=175"}],"version-history":[{"count":4,"href":"https:\/\/www.lamerci.org\/index.php?rest_route=\/wp\/v2\/pages\/175\/revisions"}],"predecessor-version":[{"id":1624,"href":"https:\/\/www.lamerci.org\/index.php?rest_route=\/wp\/v2\/pages\/175\/revisions\/1624"}],"up":[{"embeddable":true,"href":"https:\/\/www.lamerci.org\/index.php?rest_route=\/wp\/v2\/pages\/1383"}],"wp:attachment":[{"href":"https:\/\/www.lamerci.org\/index.php?rest_route=%2Fwp%2Fv2%2Fmedia&parent=175"}],"curies":[{"name":"wp","href":"https:\/\/api.w.org\/{rel}","templated":true}]}}