{"id":182,"date":"2013-11-11T10:41:55","date_gmt":"2013-11-11T09:41:55","guid":{"rendered":"http:\/\/www.lamerci.org\/?page_id=182"},"modified":"2013-11-12T18:13:43","modified_gmt":"2013-11-12T17:13:43","slug":"la-quaite","status":"publish","type":"page","link":"https:\/\/www.lamerci.org\/?page_id=182","title":{"rendered":"La Qualit\u00e9"},"content":{"rendered":"<p><span style=\"color: #000000;\">L\u2019am\u00e9lioration de la Qualit\u00e9 <b><span style=\"font-family: Tahoma;\">fait l\u2019objet de r\u00e9unions de travail <\/span><\/b><b>nombreuses<\/b> qui ont permis d\u2019avancer vers l\u2019\u00e9criture et la rationalisation de nos pratiques, de nos savoir-faire et de nos proc\u00e9dures. <b><span style=\"font-family: Tahoma;\">Ce vaste chantier<\/span><\/b> qui demande la collaboration de chacun, a permis \u00e0 ce jour, de pr\u00e9senter le \u00ab\u00a0Manuel Qualit\u00e9 \u00ab\u00a0, base du sens, de la d\u00e9marche, de l\u2019engagement et de la m\u00e9thode appliqu\u00e9s \u00e0 nos pratiques.<\/span><\/p>\n<p><span style=\"color: #000000;\"><b>Ce travail consid\u00e9rable<\/b> b\u00e9n\u00e9ficie en premier lieu \u00e0 l\u2019usager (am\u00e9lioration de la Qualit\u00e9 de Vie au sein de l\u2019Etablissement).\u00a0 <b> <span style=\"font-family: Tahoma;\"> Il permet de renforcer<\/span><\/b> le partenariat \u00e9conomique gr\u00e2ce \u00e0 des proc\u00e9dures explicites garantes de la meilleure satisfaction du client des <b><span style=\"font-family: Tahoma;\">Ateliers Chaud d\u2019Abrieu.<\/span><\/b> Il facilite enfin l\u2019exercice et la vie professionnelle de l\u2019encadrement, du fait d\u2019une gestion plus m\u00e9thodique du temps, des locaux et de l\u2019outil de travail.<\/span><\/p>\n","protected":false},"excerpt":{"rendered":"<p>L\u2019am\u00e9lioration de la Qualit\u00e9 fait l\u2019objet de r\u00e9unions de travail nombreuses qui ont permis d\u2019avancer vers l\u2019\u00e9criture et la rationalisation de nos pratiques, de nos savoir-faire et de nos proc\u00e9dures. Ce vaste chantier qui demande la collaboration de chacun, a &hellip; <a href=\"https:\/\/www.lamerci.org\/?page_id=182\">Continuer la lecture <span class=\"meta-nav\">&rarr;<\/span><\/a><\/p>\n","protected":false},"author":1,"featured_media":0,"parent":175,"menu_order":4,"comment_status":"closed","ping_status":"closed","template":"onecolumn-page.php","meta":{"_exactmetrics_skip_tracking":false,"_exactmetrics_sitenote_active":false,"_exactmetrics_sitenote_note":"","_exactmetrics_sitenote_category":0},"_links":{"self":[{"href":"https:\/\/www.lamerci.org\/index.php?rest_route=\/wp\/v2\/pages\/182"}],"collection":[{"href":"https:\/\/www.lamerci.org\/index.php?rest_route=\/wp\/v2\/pages"}],"about":[{"href":"https:\/\/www.lamerci.org\/index.php?rest_route=\/wp\/v2\/types\/page"}],"author":[{"embeddable":true,"href":"https:\/\/www.lamerci.org\/index.php?rest_route=\/wp\/v2\/users\/1"}],"replies":[{"embeddable":true,"href":"https:\/\/www.lamerci.org\/index.php?rest_route=%2Fwp%2Fv2%2Fcomments&post=182"}],"version-history":[{"count":3,"href":"https:\/\/www.lamerci.org\/index.php?rest_route=\/wp\/v2\/pages\/182\/revisions"}],"predecessor-version":[{"id":347,"href":"https:\/\/www.lamerci.org\/index.php?rest_route=\/wp\/v2\/pages\/182\/revisions\/347"}],"up":[{"embeddable":true,"href":"https:\/\/www.lamerci.org\/index.php?rest_route=\/wp\/v2\/pages\/175"}],"wp:attachment":[{"href":"https:\/\/www.lamerci.org\/index.php?rest_route=%2Fwp%2Fv2%2Fmedia&parent=182"}],"curies":[{"name":"wp","href":"https:\/\/api.w.org\/{rel}","templated":true}]}}