{"id":195,"date":"2013-11-11T10:47:59","date_gmt":"2013-11-11T09:47:59","guid":{"rendered":"http:\/\/www.lamerci.org\/?page_id=195"},"modified":"2020-02-10T17:59:08","modified_gmt":"2020-02-10T16:59:08","slug":"actualites","status":"publish","type":"page","link":"https:\/\/www.lamerci.org\/?page_id=195","title":{"rendered":"Ev\u00e8nements La Merci"},"content":{"rendered":"<table border=\"0\" width=\"579\" cellspacing=\"4\" cellpadding=\"0\">\n<tbody>\n<tr>\n<td valign=\"top\" width=\"569\"><b>AGENDA ANNUEL<\/b><\/td>\n<\/tr>\n<\/tbody>\n<\/table>\n<ul>\n<li><b>Op\u00e9ration \u00ab\u00a0brioches\u00a0\u00bb <\/b>participation annuelle, en octobre dans le cadre des \u00a0journ\u00e9es de solidarit\u00e9 des associations de l\u2019UNAPEI.<\/li>\n<li><b>Journ\u00e9es Gourmandes<\/b> \u00e0 Vaison la Romaine chaque ann\u00e9e\u00a0au mois de novembre. Vente des confitures \u00ab\u00a0Le D\u00e9lices d\u2019Abrieu\u00a0\u00bb.<\/li>\n<li><b>March\u00e9 de No\u00ebl<\/b> \u00e0 Camaret (84850) exposition \u00a0 vente d\u2019objets r\u00e9alis\u00e9s par les r\u00e9sidentes, au mois de d\u00e9cembre.<\/li>\n<li><b>Assembl\u00e9e G\u00e9n\u00e9rale<\/b> de l\u2019Association et <b>journ\u00e9e des familles<\/b>\u00a0\u00a0 en juin et septembre<\/li>\n<li><strong>Journ\u00e9e du\u00a0 handicap \u00e0 Vaison La Romaine en octobre <\/strong>\u00e9v\u00e9nement organis\u00e9 par la commission municipale des handicaps<\/li>\n<li><strong>La Journ\u00e9e des fr\u00e8res et s\u0153urs en Mars\/Avril\u00a0<\/strong>organis\u00e9 par l&rsquo;OCH<strong> (<a href=\"http:\/\/www.och.asso.fr\">http:\/\/www.och.asso.fr<\/a>)\u00a0<\/strong><\/li>\n<\/ul>\n","protected":false},"excerpt":{"rendered":"<p>AGENDA ANNUEL Op\u00e9ration \u00ab\u00a0brioches\u00a0\u00bb participation annuelle, en octobre dans le cadre des \u00a0journ\u00e9es de solidarit\u00e9 des associations de l\u2019UNAPEI. Journ\u00e9es Gourmandes \u00e0 Vaison la Romaine chaque ann\u00e9e\u00a0au mois de novembre. Vente des confitures \u00ab\u00a0Le D\u00e9lices d\u2019Abrieu\u00a0\u00bb. March\u00e9 de No\u00ebl \u00e0 &hellip; <a href=\"https:\/\/www.lamerci.org\/?page_id=195\">Continuer la lecture <span class=\"meta-nav\">&rarr;<\/span><\/a><\/p>\n","protected":false},"author":1,"featured_media":0,"parent":0,"menu_order":6,"comment_status":"closed","ping_status":"closed","template":"onecolumn-page.php","meta":{"_exactmetrics_skip_tracking":false,"_exactmetrics_sitenote_active":false,"_exactmetrics_sitenote_note":"","_exactmetrics_sitenote_category":0},"_links":{"self":[{"href":"https:\/\/www.lamerci.org\/index.php?rest_route=\/wp\/v2\/pages\/195"}],"collection":[{"href":"https:\/\/www.lamerci.org\/index.php?rest_route=\/wp\/v2\/pages"}],"about":[{"href":"https:\/\/www.lamerci.org\/index.php?rest_route=\/wp\/v2\/types\/page"}],"author":[{"embeddable":true,"href":"https:\/\/www.lamerci.org\/index.php?rest_route=\/wp\/v2\/users\/1"}],"replies":[{"embeddable":true,"href":"https:\/\/www.lamerci.org\/index.php?rest_route=%2Fwp%2Fv2%2Fcomments&post=195"}],"version-history":[{"count":29,"href":"https:\/\/www.lamerci.org\/index.php?rest_route=\/wp\/v2\/pages\/195\/revisions"}],"predecessor-version":[{"id":1766,"href":"https:\/\/www.lamerci.org\/index.php?rest_route=\/wp\/v2\/pages\/195\/revisions\/1766"}],"wp:attachment":[{"href":"https:\/\/www.lamerci.org\/index.php?rest_route=%2Fwp%2Fv2%2Fmedia&parent=195"}],"curies":[{"name":"wp","href":"https:\/\/api.w.org\/{rel}","templated":true}]}}