{"id":449,"date":"2013-11-26T16:23:26","date_gmt":"2013-11-26T15:23:26","guid":{"rendered":"http:\/\/www.lamerci.org\/?page_id=449"},"modified":"2015-07-24T06:33:43","modified_gmt":"2015-07-24T05:33:43","slug":"un-demi-siecle-dhistoire","status":"publish","type":"page","link":"https:\/\/www.lamerci.org\/?page_id=449","title":{"rendered":"Un demi-si\u00e8cle d&rsquo;histoire"},"content":{"rendered":"<p style=\"text-align: center;\"><strong>LA MERCI 1966-2014<\/strong><\/p>\n<p style=\"text-align: center;\"><em><strong>R\u00e9sum\u00e9 chronologique des \u00e9v\u00e8nements<\/strong><\/em><\/p>\n<p style=\"text-align: left;\">1948 &#8211; Le P\u00e8re BISSONNIER engage des \u00e9tudes sur la cat\u00e9ch\u00e8se des enfants handicap\u00e9s mentaux.<\/p>\n<p style=\"text-align: left;\">1950 &#8211; Mise en application \u00e0 la Fondation Vall\u00e9e, avec l&rsquo;aide de Carmen NOBILE, de cette recherche aupr\u00e8s des enfants d\u00e9biles profonds.<\/p>\n<p style=\"text-align: left;\">1951 &#8211; Cr\u00e9ation d&rsquo;une chaire de psychopathologie pastorale \u00e0 l&rsquo;Universit\u00e9 catholique de Paris<\/p>\n<p style=\"text-align: left;\"><strong>1957 &#8211; Naissance de \u00ab\u00a0La Glan\u00e9e\u00a0\u00bb,<\/strong> en r\u00e9gion parisienne, 1er Centre \u00e9ducatif et d&rsquo;entrainement au travail pour jeunes filles handicap\u00e9es de moins de 20 ans.<\/p>\n<p style=\"text-align: left;\">1959 &#8211; Le P\u00e8re Bissonnier fonde le \u00ab\u00a0service catholique de l&rsquo;enfance et de la jeunesse inadapt\u00e9e\u00a0\u00bb.<\/p>\n<p style=\"text-align: left;\"><strong>1966 &#8211; Fondation de l&rsquo;Association \u00ab\u00a0La Merci\u00a0\u00bb<\/strong> par des parents, des professionnels de la sant\u00e9 et diverses personnalit\u00e9s, afin de donner un prolongement \u00e0 \u00ab\u00a0La Glan\u00e9e\u00a0\u00bb. L&rsquo;association ach\u00e8te un vieux moulin \u00e0 huile et \u00e0 farine sur la commune de Villedieu (Vaucluse), en vue de l&rsquo;am\u00e9nager, et de 1967 \u00e0 1973, des filles de \u00ab\u00a0La Glan\u00e9e\u00a0\u00bb y viendront en vacances.<\/p>\n<p style=\"text-align: left;\">1971 &#8211; L&rsquo;Association acquiert, dans le village une maison mise en vente par l&rsquo;Archev\u00each\u00e9.<\/p>\n<p style=\"text-align: left;\">1974-1975 &#8211; Am\u00e9nagement de la maison, et insertion progressive de \u00ab\u00a0La Merci\u00a0\u00bb dans le monde rural et communal de Villedieu.<\/p>\n<p style=\"text-align: left;\"><strong>Novembre 1975 &#8211; Ouverture du Foyer \u00ab\u00a0La Ramade\u00a0\u00bb<\/strong> sous la direction de Carmen Nobile.<\/p>\n<p style=\"text-align: left;\">Fin 1976 &#8211; Mr Edm\u00e9 Porta qui a assur\u00e9 la pr\u00e9sidence de l&rsquo;Association depuis sa fondation abandonne la pr\u00e9sidence. Il est remplac\u00e9 par Mr Lapeyre.<\/p>\n<p style=\"text-align: left;\">1977 &#8211; D\u00e9mission de Mr Lapeyre, remplac\u00e9 \u00e0 la pr\u00e9sidence de \u00ab\u00a0La Merci\u00a0\u00bb par Mme Dufour-Messimy.<\/p>\n<p style=\"text-align: left;\">1978-1979 &#8211; Deux personnes Handicap\u00e9es Mentales et l&rsquo;Association ach\u00e8tent en copropri\u00e9t\u00e9 une maison \u00e0 Villedieu, le Gite Rural \u00ab\u00a0La Cardeline\u00a0\u00bb<\/p>\n<p style=\"text-align: left;\"><strong>1983-1985 &#8211; Acquisition d&rsquo;une maison avec jardin, \u00e0 Vaison La Romaine<\/strong> pour en faire un second foyer de 19 r\u00e9sidentes, qui prendra le nom de \u00ab\u00a0Bon Esper\u00a0\u00bb.<\/p>\n<p style=\"text-align: left;\"><strong>Fin 1986 &#8211; Une page de l&rsquo;histoire de \u00ab\u00a0La Merci\u00a0\u00bb s&rsquo;ach\u00e8ve<\/strong> avec le d\u00e9part \u00e0 la retraite de sa Directrice-Fondatrice, Carmen Nobile, ainsi que de Mme Dufour-Messimy, Pr\u00e9sidente depuis 10 ans. L&rsquo;Association comprend alors 262 membres. Deux foyers existent avec 30 personnels d&rsquo;accompagnement et abritent 36 r\u00e9sidentes.<\/p>\n<p style=\"text-align: left;\">1987-1989 &#8211; Apr\u00e8s une p\u00e9riode transitoire de quelques mois durant laquelle Mr Anr\u00e8s assure la pr\u00e9sidence de l&rsquo;Association, Mme Fran\u00e7oise Verdoia, membre actif de \u00ab\u00a0La Merci\u00a0\u00bb depuis sa fondation, est \u00e9lue Pr\u00e9sidente.<\/p>\n<p style=\"text-align: left;\"><strong>D\u00e9cembre 1992 &#8211; Ouverture de \u00ab\u00a0La Maison des Sources\u00a0\u00bb,<\/strong> une annexe de \u00ab\u00a0La Ramade\u00a0\u00bb, install\u00e9e dans une vieille maison achet\u00e9e au voisinage du foyer de Villedieu, et am\u00e9nag\u00e9e pour sept r\u00e9sidentes en perte d&rsquo;autonomie.<\/p>\n<p style=\"text-align: left;\"><strong>D\u00e9cembre 1993 &#8211; D\u00e9marrage du CAT,<\/strong> devenu ESAT par la suite, \u00ab\u00a0Les Ateliers Chaud d&rsquo;Abrieu\u00a0\u00bb dans le village de Roaix \u00e0 5km de Vaison La Romaine et de Villedieu, sous la direction de Mr Egeter.8 travailleurs handicap\u00e9s et un moniteur ouvrent le premier atellier dans un \u00ab\u00a0ALGECO\u00a0\u00bb.<\/p>\n<p style=\"text-align: left;\">Juillet 1994 &#8211; L&rsquo;agr\u00e9ment qui \u00e9tait de 23 est port\u00e9 \u00e0 34 . Les personnes accueillies viennent d&rsquo;une importante zone g\u00e9ographique, au sud de Carpentras, Velleron, au Nord Valr\u00e9as, \u00e0 l&rsquo;EST Vaison La Romaine et \u00e0 l&rsquo;Ouest Orange, Boll\u00e8ne. Les personnes r\u00e9sidant \u00e0 Avignon\u00a0ne peuvent encore b\u00e9n\u00e9ficier\u00a0 de la structure faute de moyens de transport. Les activit\u00e9s sont le conditionnement, la fabrication de confitures et l&rsquo;entretien d&rsquo;espaces verts. Un atelier de couture compl\u00e9tera l&rsquo;ensemble des services fournis.<\/p>\n<p style=\"text-align: left;\">Novembre 1995 &#8211; \u00ab\u00a0La Ramade\u00a0\u00bb a 20 ans&#8230; et le P\u00e8re Bissonnier 60 ans de sacerdoce! Les r\u00e9sidentes, les familles, les administrateurs se rendent en p\u00e8lerinage \u00e0 St Jacques de Compostelle, pour rendre gr\u00e2ce&#8230;!<\/p>\n<p style=\"text-align: left;\">1996 &#8211; Le CAT voit ses effectifs port\u00e9s \u00e0 42, il est dor\u00e9navant plac\u00e9 sous la direction de Mr Pauleau. Un projet de foyer d&rsquo;h\u00e9bergement est par ailleurs \u00e9labor\u00e9 en vue d&rsquo;accueillir 16 travailleurs des Ateliers de Chaud d&rsquo;Abrieu.<\/p>\n<p style=\"text-align: left;\">1997-2010 &#8211; Etude du projet de regroupement des foyers occupationnels vers Bon Esper \u00e0 Vaison La Romaine.<\/p>\n<p style=\"text-align: left;\">2011 &#8211; Le si\u00e8ge social d\u00e9m\u00e9nage de Villedieu vers Roaix<\/p>\n<p style=\"text-align: left;\">2012 &#8211; D\u00e9couverte du forum romain\u00a0sur le terrain de Bon Esper, rue Jules Ferry, emp\u00eachant le projet de se r\u00e9aliser. Un nouveau projet voit le jour.<\/p>\n<p style=\"text-align: left;\">2013 &#8211; Un Projet de trait\u00e9 d&rsquo;apport d&rsquo;actif avec contreparties est sign\u00e9 avec l&rsquo;Association Comit\u00e9 Commun, en vue de la gestion de nos \u00e9tablissements et qui pr\u00e9voit le transfert des agr\u00e9ments. L&rsquo;Association \u00ab\u00a0La Merci\u00a0\u00bb devient une association de parents et d&rsquo;amis<\/p>\n<p style=\"text-align: left;\">2014 &#8211; reprise des \u00e9tablissements (ESAT et foyers) par le \u00ab\u00a0Comit\u00e9 Commun\u00a0\u00bb.<\/p>\n<p style=\"text-align: left;\">\n","protected":false},"excerpt":{"rendered":"<p>LA MERCI 1966-2014 R\u00e9sum\u00e9 chronologique des \u00e9v\u00e8nements 1948 &#8211; Le P\u00e8re BISSONNIER engage des \u00e9tudes sur la cat\u00e9ch\u00e8se des enfants handicap\u00e9s mentaux. 1950 &#8211; Mise en application \u00e0 la Fondation Vall\u00e9e, avec l&rsquo;aide de Carmen NOBILE, de cette recherche aupr\u00e8s &hellip; <a href=\"https:\/\/www.lamerci.org\/?page_id=449\">Continuer la lecture <span class=\"meta-nav\">&rarr;<\/span><\/a><\/p>\n","protected":false},"author":1,"featured_media":0,"parent":1383,"menu_order":1,"comment_status":"closed","ping_status":"closed","template":"onecolumn-page.php","meta":{"_exactmetrics_skip_tracking":false,"_exactmetrics_sitenote_active":false,"_exactmetrics_sitenote_note":"","_exactmetrics_sitenote_category":0},"_links":{"self":[{"href":"https:\/\/www.lamerci.org\/index.php?rest_route=\/wp\/v2\/pages\/449"}],"collection":[{"href":"https:\/\/www.lamerci.org\/index.php?rest_route=\/wp\/v2\/pages"}],"about":[{"href":"https:\/\/www.lamerci.org\/index.php?rest_route=\/wp\/v2\/types\/page"}],"author":[{"embeddable":true,"href":"https:\/\/www.lamerci.org\/index.php?rest_route=\/wp\/v2\/users\/1"}],"replies":[{"embeddable":true,"href":"https:\/\/www.lamerci.org\/index.php?rest_route=%2Fwp%2Fv2%2Fcomments&post=449"}],"version-history":[{"count":13,"href":"https:\/\/www.lamerci.org\/index.php?rest_route=\/wp\/v2\/pages\/449\/revisions"}],"predecessor-version":[{"id":1301,"href":"https:\/\/www.lamerci.org\/index.php?rest_route=\/wp\/v2\/pages\/449\/revisions\/1301"}],"up":[{"embeddable":true,"href":"https:\/\/www.lamerci.org\/index.php?rest_route=\/wp\/v2\/pages\/1383"}],"wp:attachment":[{"href":"https:\/\/www.lamerci.org\/index.php?rest_route=%2Fwp%2Fv2%2Fmedia&parent=449"}],"curies":[{"name":"wp","href":"https:\/\/api.w.org\/{rel}","templated":true}]}}